{"id":1509,"date":"2019-03-04T06:53:22","date_gmt":"2019-03-04T06:53:22","guid":{"rendered":"http:\/\/demoapus-wp.com\/cityo\/place\/?page_id=16"},"modified":"2024-11-08T20:38:45","modified_gmt":"2024-11-08T20:38:45","slug":"about","status":"publish","type":"page","link":"https:\/\/albufeiradigitalnomads.com\/ADN\/about\/","title":{"rendered":"Sobre N\u00f3s"},"content":{"rendered":"\t\t<div data-elementor-type=\"wp-post\" data-elementor-id=\"1509\" class=\"elementor elementor-1509\" data-elementor-post-type=\"page\">\n\t\t\t\t\t\t<section class=\"elementor-section elementor-top-section elementor-element elementor-element-d55a3c1 elementor-section-stretched elementor-section-content-middle elementor-section-boxed elementor-section-height-default elementor-section-height-default\" data-id=\"d55a3c1\" data-element_type=\"section\" data-settings=\"{&quot;stretch_section&quot;:&quot;section-stretched&quot;,&quot;background_background&quot;:&quot;classic&quot;}\">\n\t\t\t\t\t\t<div class=\"elementor-container elementor-column-gap-extended\">\n\t\t\t\t\t<div class=\"elementor-column elementor-col-50 elementor-top-column elementor-element elementor-element-0d55595\" data-id=\"0d55595\" data-element_type=\"column\">\n\t\t\t<div class=\"elementor-widget-wrap elementor-element-populated\">\n\t\t\t\t\t\t<div class=\"elementor-element elementor-element-3ae6de1 elementor-widget elementor-widget-image\" data-id=\"3ae6de1\" data-element_type=\"widget\" data-widget_type=\"image.default\">\n\t\t\t\t<div class=\"elementor-widget-container\">\n\t\t\t\t\t\t\t\t\t\t\t\t\t<img fetchpriority=\"high\" decoding=\"async\" width=\"2560\" height=\"1707\" src=\"https:\/\/albufeiradigitalnomads.com\/ADN\/wp-content\/uploads\/2024\/11\/IMG_7777-scaled.jpg\" class=\"attachment-full size-full wp-image-3022\" alt=\"\" srcset=\"https:\/\/albufeiradigitalnomads.com\/ADN\/wp-content\/uploads\/2024\/11\/IMG_7777-scaled.jpg 2560w, https:\/\/albufeiradigitalnomads.com\/ADN\/wp-content\/uploads\/2024\/11\/IMG_7777-300x200.jpg 300w, https:\/\/albufeiradigitalnomads.com\/ADN\/wp-content\/uploads\/2024\/11\/IMG_7777-1024x683.jpg 1024w, https:\/\/albufeiradigitalnomads.com\/ADN\/wp-content\/uploads\/2024\/11\/IMG_7777-768x512.jpg 768w, https:\/\/albufeiradigitalnomads.com\/ADN\/wp-content\/uploads\/2024\/11\/IMG_7777-1536x1024.jpg 1536w, https:\/\/albufeiradigitalnomads.com\/ADN\/wp-content\/uploads\/2024\/11\/IMG_7777-2048x1365.jpg 2048w\" sizes=\"(max-width: 2560px) 100vw, 2560px\" \/>\t\t\t\t\t\t\t\t\t\t\t\t\t<\/div>\n\t\t\t\t<\/div>\n\t\t\t\t\t<\/div>\n\t\t<\/div>\n\t\t\t\t<div class=\"elementor-column elementor-col-50 elementor-top-column elementor-element elementor-element-218aa5e\" data-id=\"218aa5e\" data-element_type=\"column\">\n\t\t\t<div class=\"elementor-widget-wrap elementor-element-populated\">\n\t\t\t\t\t\t<div class=\"elementor-element elementor-element-0b04261 elementor-widget elementor-widget-heading\" data-id=\"0b04261\" data-element_type=\"widget\" data-widget_type=\"heading.default\">\n\t\t\t\t<div class=\"elementor-widget-container\">\n\t\t\t<h2 class=\"elementor-heading-title elementor-size-default\"><b>A Hist\u00f3ria do Projeto<\/b><\/h2>\t\t<\/div>\n\t\t\t\t<\/div>\n\t\t\t\t<div class=\"elementor-element elementor-element-b8e800f elementor-widget elementor-widget-text-editor\" data-id=\"b8e800f\" data-element_type=\"widget\" data-widget_type=\"text-editor.default\">\n\t\t\t\t<div class=\"elementor-widget-container\">\n\t\t\t\t\t\t\t<p>Bem-vindo ao Projeto Albufeira Digital Nomads, uma iniciativa inovadora promovida pelo munic\u00edpio de Albufeira em colabora\u00e7\u00e3o com a Joana Gl\u00f3ria, especialista em cria\u00e7\u00e3o de Comunidades para N\u00f3madas Digitais que j\u00e1 alcan\u00e7ou \u00eaxito noutra cidade do Algarve. Esta parceria estrat\u00e9gica nasceu do desejo de transformar Albufeira num destino de elei\u00e7\u00e3o para n\u00f3madas digitais, aproveitando a vasta experi\u00eancia da Joana para a finalidade.<\/p>\t\t\t\t\t\t<\/div>\n\t\t\t\t<\/div>\n\t\t\t\t\t<\/div>\n\t\t<\/div>\n\t\t\t\t\t<\/div>\n\t\t<\/section>\n\t\t\t\t<section class=\"elementor-section elementor-top-section elementor-element elementor-element-3f47cf1 elementor-section-boxed elementor-section-height-default elementor-section-height-default\" data-id=\"3f47cf1\" data-element_type=\"section\">\n\t\t\t\t\t\t<div class=\"elementor-container elementor-column-gap-default\">\n\t\t\t\t\t<div class=\"elementor-column elementor-col-100 elementor-top-column elementor-element elementor-element-9650729\" data-id=\"9650729\" data-element_type=\"column\" data-settings=\"{&quot;background_background&quot;:&quot;classic&quot;}\">\n\t\t\t<div class=\"elementor-widget-wrap elementor-element-populated\">\n\t\t\t\t\t\t<div class=\"elementor-element elementor-element-88ba066 elementor-absolute elementor-align-center elementor-widget elementor-widget-lottie\" data-id=\"88ba066\" data-element_type=\"widget\" data-settings=\"{&quot;source_json&quot;:{&quot;url&quot;:&quot;https:\\\/\\\/albufeiradigitalnomads.com\\\/ADN\\\/wp-content\\\/uploads\\\/2024\\\/03\\\/Interrogation.json&quot;,&quot;id&quot;:2172,&quot;size&quot;:&quot;&quot;,&quot;alt&quot;:&quot;&quot;,&quot;source&quot;:&quot;library&quot;},&quot;loop&quot;:&quot;yes&quot;,&quot;play_speed&quot;:{&quot;unit&quot;:&quot;px&quot;,&quot;size&quot;:0.40000000000000002220446049250313080847263336181640625,&quot;sizes&quot;:[]},&quot;_position&quot;:&quot;absolute&quot;,&quot;motion_fx_motion_fx_scrolling&quot;:&quot;yes&quot;,&quot;motion_fx_translateX_effect&quot;:&quot;yes&quot;,&quot;motion_fx_translateX_direction&quot;:&quot;negative&quot;,&quot;source&quot;:&quot;media_file&quot;,&quot;caption_source&quot;:&quot;none&quot;,&quot;link_to&quot;:&quot;none&quot;,&quot;trigger&quot;:&quot;arriving_to_viewport&quot;,&quot;viewport&quot;:{&quot;unit&quot;:&quot;%&quot;,&quot;size&quot;:&quot;&quot;,&quot;sizes&quot;:{&quot;start&quot;:0,&quot;end&quot;:100}},&quot;start_point&quot;:{&quot;unit&quot;:&quot;%&quot;,&quot;size&quot;:0,&quot;sizes&quot;:[]},&quot;end_point&quot;:{&quot;unit&quot;:&quot;%&quot;,&quot;size&quot;:100,&quot;sizes&quot;:[]},&quot;renderer&quot;:&quot;svg&quot;,&quot;motion_fx_translateX_speed&quot;:{&quot;unit&quot;:&quot;px&quot;,&quot;size&quot;:4,&quot;sizes&quot;:[]},&quot;motion_fx_translateX_affectedRange&quot;:{&quot;unit&quot;:&quot;%&quot;,&quot;size&quot;:&quot;&quot;,&quot;sizes&quot;:{&quot;start&quot;:0,&quot;end&quot;:100}},&quot;motion_fx_devices&quot;:[&quot;desktop&quot;,&quot;tablet&quot;,&quot;mobile&quot;]}\" data-widget_type=\"lottie.default\">\n\t\t\t\t<div class=\"elementor-widget-container\">\n\t\t\t<div class=\"e-lottie__container\"><div class=\"e-lottie__animation\"><\/div><\/div>\t\t<\/div>\n\t\t\t\t<\/div>\n\t\t\t\t<section class=\"elementor-section elementor-inner-section elementor-element elementor-element-202a867 elementor-section-boxed elementor-section-height-default elementor-section-height-default\" data-id=\"202a867\" data-element_type=\"section\">\n\t\t\t\t\t\t<div class=\"elementor-container elementor-column-gap-no\">\n\t\t\t\t\t<div class=\"elementor-column elementor-col-100 elementor-inner-column elementor-element elementor-element-6b43c3e\" data-id=\"6b43c3e\" data-element_type=\"column\">\n\t\t\t<div class=\"elementor-widget-wrap elementor-element-populated\">\n\t\t\t\t\t\t<div class=\"elementor-element elementor-element-971fc5b elementor-widget elementor-widget-heading\" data-id=\"971fc5b\" data-element_type=\"widget\" data-widget_type=\"heading.default\">\n\t\t\t\t<div class=\"elementor-widget-container\">\n\t\t\t<h1 class=\"elementor-heading-title elementor-size-default\">Porqu\u00ea Albufeira?<\/h1>\t\t<\/div>\n\t\t\t\t<\/div>\n\t\t\t\t<div class=\"elementor-element elementor-element-ba45348 elementor-widget elementor-widget-text-editor\" data-id=\"ba45348\" data-element_type=\"widget\" data-widget_type=\"text-editor.default\">\n\t\t\t\t<div class=\"elementor-widget-container\">\n\t\t\t\t\t\t\t<p>Bem-vindo a Albufeira, o ref\u00fagio ideal para N\u00f3madas Digitais. Com praias deslumbrantes, clima ameno, e uma comunidade acolhedora, \u00e9 perfeita para produtividade e lazer.&nbsp;<\/p><p>Explora o centro hist\u00f3rico, participa em atividades como surf e caminhadas, e desfruta de uma infraestrutura s\u00f3lida com espa\u00e7os de coworking.&nbsp;<\/p><p>Albufeira oferece o equil\u00edbrio perfeito entre trabalho e lazer, transformando cada dia numa experi\u00eancia extraordin\u00e1ria.<\/p>\t\t\t\t\t\t<\/div>\n\t\t\t\t<\/div>\n\t\t\t\t\t<\/div>\n\t\t<\/div>\n\t\t\t\t\t<\/div>\n\t\t<\/section>\n\t\t\t\t\t<\/div>\n\t\t<\/div>\n\t\t\t\t\t<\/div>\n\t\t<\/section>\n\t\t\t\t<section class=\"elementor-section elementor-top-section elementor-element elementor-element-d86e2cc elementor-section-stretched elementor-section-content-middle elementor-section-boxed elementor-section-height-default elementor-section-height-default\" data-id=\"d86e2cc\" data-element_type=\"section\" data-settings=\"{&quot;stretch_section&quot;:&quot;section-stretched&quot;,&quot;background_background&quot;:&quot;classic&quot;}\">\n\t\t\t\t\t\t<div class=\"elementor-container elementor-column-gap-extended\">\n\t\t\t\t\t<div class=\"elementor-column elementor-col-50 elementor-top-column elementor-element elementor-element-653ada9\" data-id=\"653ada9\" data-element_type=\"column\">\n\t\t\t<div class=\"elementor-widget-wrap elementor-element-populated\">\n\t\t\t\t\t\t<div class=\"elementor-element elementor-element-3633d93 elementor-widget elementor-widget-heading\" data-id=\"3633d93\" data-element_type=\"widget\" data-widget_type=\"heading.default\">\n\t\t\t\t<div class=\"elementor-widget-container\">\n\t\t\t<h2 class=\"elementor-heading-title elementor-size-default\">Junte-se a n\u00f3s<\/h2>\t\t<\/div>\n\t\t\t\t<\/div>\n\t\t\t\t<div class=\"elementor-element elementor-element-7cf5e25 elementor-widget elementor-widget-text-editor\" data-id=\"7cf5e25\" data-element_type=\"widget\" data-widget_type=\"text-editor.default\">\n\t\t\t\t<div class=\"elementor-widget-container\">\n\t\t\t\t\t\t\t<p>Junte-se a n\u00f3s nesta emocionante jornada de crescimento e colabora\u00e7\u00e3o. Albufeira est\u00e1 pronta para receber n\u00f3madas digitais, e n\u00f3s estamos ansiosos por construir um futuro promissor juntos.\u00a0<\/p>\t\t\t\t\t\t<\/div>\n\t\t\t\t<\/div>\n\t\t\t\t\t<\/div>\n\t\t<\/div>\n\t\t\t\t<div class=\"elementor-column elementor-col-50 elementor-top-column elementor-element elementor-element-e1d1218\" data-id=\"e1d1218\" data-element_type=\"column\">\n\t\t\t<div class=\"elementor-widget-wrap elementor-element-populated\">\n\t\t\t\t\t\t<div class=\"elementor-element elementor-element-c972a1e elementor-widget elementor-widget-image\" data-id=\"c972a1e\" data-element_type=\"widget\" data-widget_type=\"image.default\">\n\t\t\t\t<div class=\"elementor-widget-container\">\n\t\t\t\t\t\t\t\t\t\t\t\t\t<img decoding=\"async\" width=\"1706\" height=\"1207\" src=\"https:\/\/albufeiradigitalnomads.com\/ADN\/wp-content\/uploads\/2024\/11\/IMG_6565-scaled-e1731083144786.jpg\" class=\"attachment-full size-full wp-image-3023\" alt=\"\" srcset=\"https:\/\/albufeiradigitalnomads.com\/ADN\/wp-content\/uploads\/2024\/11\/IMG_6565-scaled-e1731083144786.jpg 1706w, https:\/\/albufeiradigitalnomads.com\/ADN\/wp-content\/uploads\/2024\/11\/IMG_6565-scaled-e1731083144786-300x212.jpg 300w, https:\/\/albufeiradigitalnomads.com\/ADN\/wp-content\/uploads\/2024\/11\/IMG_6565-scaled-e1731083144786-1024x724.jpg 1024w, https:\/\/albufeiradigitalnomads.com\/ADN\/wp-content\/uploads\/2024\/11\/IMG_6565-scaled-e1731083144786-768x543.jpg 768w, https:\/\/albufeiradigitalnomads.com\/ADN\/wp-content\/uploads\/2024\/11\/IMG_6565-scaled-e1731083144786-1536x1087.jpg 1536w\" sizes=\"(max-width: 1706px) 100vw, 1706px\" \/>\t\t\t\t\t\t\t\t\t\t\t\t\t<\/div>\n\t\t\t\t<\/div>\n\t\t\t\t\t<\/div>\n\t\t<\/div>\n\t\t\t\t\t<\/div>\n\t\t<\/section>\n\t\t\t\t<section class=\"elementor-section elementor-top-section elementor-element elementor-element-ffa2ee7 elementor-section-stretched elementor-section-height-min-height elementor-section-boxed elementor-section-height-default elementor-section-items-middle\" data-id=\"ffa2ee7\" data-element_type=\"section\" data-settings=\"{&quot;stretch_section&quot;:&quot;section-stretched&quot;,&quot;background_background&quot;:&quot;slideshow&quot;,&quot;background_slideshow_gallery&quot;:[{&quot;id&quot;:2312,&quot;url&quot;:&quot;https:\\\/\\\/albufeiradigitalnomads.com\\\/ADN\\\/wp-content\\\/uploads\\\/2024\\\/06\\\/IMG_0958-scaled.jpg&quot;},{&quot;id&quot;:2314,&quot;url&quot;:&quot;https:\\\/\\\/albufeiradigitalnomads.com\\\/ADN\\\/wp-content\\\/uploads\\\/2024\\\/06\\\/IMG_2712-scaled.jpg&quot;},{&quot;id&quot;:2313,&quot;url&quot;:&quot;https:\\\/\\\/albufeiradigitalnomads.com\\\/ADN\\\/wp-content\\\/uploads\\\/2024\\\/06\\\/IMG_2590-scaled.jpg&quot;},{&quot;id&quot;:2307,&quot;url&quot;:&quot;https:\\\/\\\/albufeiradigitalnomads.com\\\/ADN\\\/wp-content\\\/uploads\\\/2024\\\/06\\\/IMG_0225-scaled.jpg&quot;},{&quot;id&quot;:2306,&quot;url&quot;:&quot;https:\\\/\\\/albufeiradigitalnomads.com\\\/ADN\\\/wp-content\\\/uploads\\\/2024\\\/06\\\/EDR_0866-scaled.jpg&quot;},{&quot;id&quot;:1853,&quot;url&quot;:&quot;https:\\\/\\\/albufeiradigitalnomads.com\\\/ADN\\\/wp-content\\\/uploads\\\/2024\\\/03\\\/Screenshot-10-1.png&quot;},{&quot;id&quot;:1796,&quot;url&quot;:&quot;https:\\\/\\\/albufeiradigitalnomads.com\\\/ADN\\\/wp-content\\\/uploads\\\/2024\\\/03\\\/Screenshot-23.png&quot;},{&quot;id&quot;:1791,&quot;url&quot;:&quot;https:\\\/\\\/albufeiradigitalnomads.com\\\/ADN\\\/wp-content\\\/uploads\\\/2024\\\/03\\\/Screenshot-18.png&quot;},{&quot;id&quot;:2120,&quot;url&quot;:&quot;https:\\\/\\\/albufeiradigitalnomads.com\\\/ADN\\\/wp-content\\\/uploads\\\/2024\\\/03\\\/IMG_0075-scaled-e1711547194913.jpg&quot;}],&quot;background_slideshow_loop&quot;:&quot;yes&quot;,&quot;background_slideshow_slide_duration&quot;:5000,&quot;background_slideshow_slide_transition&quot;:&quot;fade&quot;,&quot;background_slideshow_transition_duration&quot;:500}\">\n\t\t\t\t\t\t<div class=\"elementor-container elementor-column-gap-extended\">\n\t\t\t\t\t<div class=\"elementor-column elementor-col-100 elementor-top-column elementor-element elementor-element-809f082\" data-id=\"809f082\" data-element_type=\"column\">\n\t\t\t<div class=\"elementor-widget-wrap elementor-element-populated\">\n\t\t\t\t\t\t<div class=\"elementor-element elementor-element-225f061 elementor-widget elementor-widget-spacer\" data-id=\"225f061\" data-element_type=\"widget\" data-widget_type=\"spacer.default\">\n\t\t\t\t<div class=\"elementor-widget-container\">\n\t\t\t\t\t<div class=\"elementor-spacer\">\n\t\t\t<div class=\"elementor-spacer-inner\"><\/div>\n\t\t<\/div>\n\t\t\t\t<\/div>\n\t\t\t\t<\/div>\n\t\t\t\t<div class=\"elementor-element elementor-element-fea9bb4 elementor-widget elementor-widget-spacer\" data-id=\"fea9bb4\" data-element_type=\"widget\" data-widget_type=\"spacer.default\">\n\t\t\t\t<div class=\"elementor-widget-container\">\n\t\t\t\t\t<div class=\"elementor-spacer\">\n\t\t\t<div class=\"elementor-spacer-inner\"><\/div>\n\t\t<\/div>\n\t\t\t\t<\/div>\n\t\t\t\t<\/div>\n\t\t\t\t<div class=\"elementor-element elementor-element-20ec3df elementor-hidden-tablet elementor-hidden-phone elementor-widget elementor-widget-spacer\" data-id=\"20ec3df\" data-element_type=\"widget\" data-widget_type=\"spacer.default\">\n\t\t\t\t<div class=\"elementor-widget-container\">\n\t\t\t\t\t<div class=\"elementor-spacer\">\n\t\t\t<div class=\"elementor-spacer-inner\"><\/div>\n\t\t<\/div>\n\t\t\t\t<\/div>\n\t\t\t\t<\/div>\n\t\t\t\t\t<\/div>\n\t\t<\/div>\n\t\t\t\t\t<\/div>\n\t\t<\/section>\n\t\t\t\t<\/div>\n\t\t","protected":false},"excerpt":{"rendered":"<p>A Hist\u00f3ria do Projeto Bem-vindo ao Projeto Albufeira Digital Nomads, uma iniciativa inovadora promovida pelo munic\u00edpio de Albufeira em colabora\u00e7\u00e3o com a Joana Gl\u00f3ria, especialista em cria\u00e7\u00e3o de Comunidades para N\u00f3madas Digitais que j\u00e1 alcan\u00e7ou \u00eaxito noutra cidade do Algarve. Esta parceria estrat\u00e9gica nasceu do desejo de transformar Albufeira num destino de elei\u00e7\u00e3o para n\u00f3madas &hellip; <br \/><a href=\"https:\/\/albufeiradigitalnomads.com\/ADN\/about\/\" class=\"more-link\">Continue reading <span class=\"screen-reader-text\">Sobre N\u00f3s<\/span><\/a><\/p>\n","protected":false},"author":1,"featured_media":0,"parent":0,"menu_order":0,"comment_status":"closed","ping_status":"closed","template":"","meta":{"footnotes":""},"class_list":["post-1509","page","type-page","status-publish","hentry"],"_links":{"self":[{"href":"https:\/\/albufeiradigitalnomads.com\/ADN\/wp-json\/wp\/v2\/pages\/1509","targetHints":{"allow":["GET"]}}],"collection":[{"href":"https:\/\/albufeiradigitalnomads.com\/ADN\/wp-json\/wp\/v2\/pages"}],"about":[{"href":"https:\/\/albufeiradigitalnomads.com\/ADN\/wp-json\/wp\/v2\/types\/page"}],"author":[{"embeddable":true,"href":"https:\/\/albufeiradigitalnomads.com\/ADN\/wp-json\/wp\/v2\/users\/1"}],"replies":[{"embeddable":true,"href":"https:\/\/albufeiradigitalnomads.com\/ADN\/wp-json\/wp\/v2\/comments?post=1509"}],"version-history":[{"count":10,"href":"https:\/\/albufeiradigitalnomads.com\/ADN\/wp-json\/wp\/v2\/pages\/1509\/revisions"}],"predecessor-version":[{"id":3066,"href":"https:\/\/albufeiradigitalnomads.com\/ADN\/wp-json\/wp\/v2\/pages\/1509\/revisions\/3066"}],"wp:attachment":[{"href":"https:\/\/albufeiradigitalnomads.com\/ADN\/wp-json\/wp\/v2\/media?parent=1509"}],"curies":[{"name":"wp","href":"https:\/\/api.w.org\/{rel}","templated":true}]}}