{"id":2124,"date":"2024-03-27T15:51:36","date_gmt":"2024-03-27T15:51:36","guid":{"rendered":"https:\/\/albufeiradigitalnomads.com\/ADN\/?page_id=2124"},"modified":"2024-11-08T20:36:52","modified_gmt":"2024-11-08T20:36:52","slug":"04-alojamento","status":"publish","type":"page","link":"https:\/\/albufeiradigitalnomads.com\/ADN\/04-alojamento\/","title":{"rendered":"Alojamento"},"content":{"rendered":"\t\t<div data-elementor-type=\"wp-post\" data-elementor-id=\"2124\" class=\"elementor elementor-2124\" data-elementor-post-type=\"page\">\n\t\t\t\t\t\t<section class=\"elementor-section elementor-top-section elementor-element elementor-element-d55a3c1 elementor-section-stretched elementor-section-content-middle elementor-section-boxed elementor-section-height-default elementor-section-height-default\" data-id=\"d55a3c1\" data-element_type=\"section\" data-settings=\"{&quot;stretch_section&quot;:&quot;section-stretched&quot;,&quot;background_background&quot;:&quot;classic&quot;}\">\n\t\t\t\t\t\t<div class=\"elementor-container elementor-column-gap-extended\">\n\t\t\t\t\t<div class=\"elementor-column elementor-col-50 elementor-top-column elementor-element elementor-element-218aa5e\" data-id=\"218aa5e\" data-element_type=\"column\">\n\t\t\t<div class=\"elementor-widget-wrap elementor-element-populated\">\n\t\t\t\t\t\t<div class=\"elementor-element elementor-element-0b04261 elementor-widget elementor-widget-heading\" data-id=\"0b04261\" data-element_type=\"widget\" data-widget_type=\"heading.default\">\n\t\t\t\t<div class=\"elementor-widget-container\">\n\t\t\t<h2 class=\"elementor-heading-title elementor-size-default\">Est\u00e1s \u00e0 procura de alojamento em Albufeira? <\/h2>\t\t<\/div>\n\t\t\t\t<\/div>\n\t\t\t\t<div class=\"elementor-element elementor-element-b8e800f elementor-widget__width-initial elementor-widget elementor-widget-text-editor\" data-id=\"b8e800f\" data-element_type=\"widget\" data-widget_type=\"text-editor.default\">\n\t\t\t\t<div class=\"elementor-widget-container\">\n\t\t\t\t\t\t\t<p>Na <a href=\"https:\/\/www.flatio.com\/?af=albufeiradigitalnomads\"><strong>Flatio<\/strong><\/a>, o nosso parceiro oficial de alojamento, oferecemos uma variedade de op\u00e7\u00f5es, desde Guesthouses a apartamentos, e at\u00e9 estadias em hot\u00e9is ou aparthot\u00e9is.<\/p><p>Aproveita os filtros dispon\u00edveis para personalizar a tua pesquisa, ajustando-a \u00e0s datas da tua estadia e as \u00e0s tuas prefer\u00eancias, assegurando assim a reserva do alojamento ideal para ti.<\/p><p>Para efetuares a tua reserva, basta clicares <strong><a href=\"https:\/\/www.flatio.com\/?af=albufeiradigitalnomads\">aqui<\/a><\/strong>, e descobre o conforto e a conveni\u00eancia de encontrar o alojamento perfeito para a tua estadia em Albufeira<\/p>\t\t\t\t\t\t<\/div>\n\t\t\t\t<\/div>\n\t\t\t\t\t<\/div>\n\t\t<\/div>\n\t\t\t\t<div class=\"elementor-column elementor-col-50 elementor-top-column elementor-element elementor-element-0d55595\" data-id=\"0d55595\" data-element_type=\"column\">\n\t\t\t<div class=\"elementor-widget-wrap elementor-element-populated\">\n\t\t\t\t\t\t<div class=\"elementor-element elementor-element-ff3e451 elementor-widget elementor-widget-image\" data-id=\"ff3e451\" data-element_type=\"widget\" data-widget_type=\"image.default\">\n\t\t\t\t<div class=\"elementor-widget-container\">\n\t\t\t\t\t\t\t\t\t\t\t\t\t<img fetchpriority=\"high\" decoding=\"async\" width=\"597\" height=\"583\" src=\"https:\/\/albufeiradigitalnomads.com\/ADN\/wp-content\/uploads\/2024\/08\/hjmmdkch_rw-e1723462017147.jpg\" class=\"attachment-full size-full wp-image-2457\" alt=\"a boat docked in a harbor next to colorful buildings\" srcset=\"https:\/\/albufeiradigitalnomads.com\/ADN\/wp-content\/uploads\/2024\/08\/hjmmdkch_rw-e1723462017147.jpg 597w, https:\/\/albufeiradigitalnomads.com\/ADN\/wp-content\/uploads\/2024\/08\/hjmmdkch_rw-e1723462017147-300x293.jpg 300w\" sizes=\"(max-width: 597px) 100vw, 597px\" \/>\t\t\t\t\t\t\t\t\t\t\t\t\t<\/div>\n\t\t\t\t<\/div>\n\t\t\t\t\t<\/div>\n\t\t<\/div>\n\t\t\t\t\t<\/div>\n\t\t<\/section>\n\t\t\t\t<section class=\"elementor-section elementor-top-section elementor-element elementor-element-9bs9v97 elementor-section-content-top elementor-section-boxed elementor-section-height-default elementor-section-height-default\" data-id=\"9bs9v97\" data-element_type=\"section\" data-settings=\"{&quot;background_background&quot;:&quot;classic&quot;}\">\n\t\t\t\t\t\t\t<div class=\"elementor-background-overlay\"><\/div>\n\t\t\t\t\t\t\t<div class=\"elementor-container elementor-column-gap-no\">\n\t\t\t\t\t<div class=\"elementor-column elementor-col-100 elementor-top-column elementor-element elementor-element-36e7ccd\" data-id=\"36e7ccd\" data-element_type=\"column\">\n\t\t\t<div class=\"elementor-widget-wrap elementor-element-populated\">\n\t\t\t\t\t\t<div class=\"elementor-element elementor-element-cb59592 elementor-view-default elementor-widget elementor-widget-icon\" data-id=\"cb59592\" data-element_type=\"widget\" data-widget_type=\"icon.default\">\n\t\t\t\t<div class=\"elementor-widget-container\">\n\t\t\t\t\t<div class=\"elementor-icon-wrapper\">\n\t\t\t<div class=\"elementor-icon\">\n\t\t\t<svg aria-hidden=\"true\" class=\"e-font-icon-svg e-fas-house-user\" viewBox=\"0 0 576 512\" xmlns=\"http:\/\/www.w3.org\/2000\/svg\"><path d=\"M570.69,236.27,512,184.44V48a16,16,0,0,0-16-16H432a16,16,0,0,0-16,16V99.67L314.78,10.3C308.5,4.61,296.53,0,288,0s-20.46,4.61-26.74,10.3l-256,226A18.27,18.27,0,0,0,0,248.2a18.64,18.64,0,0,0,4.09,10.71L25.5,282.7a21.14,21.14,0,0,0,12,5.3,21.67,21.67,0,0,0,10.69-4.11l15.9-14V480a32,32,0,0,0,32,32H480a32,32,0,0,0,32-32V269.88l15.91,14A21.94,21.94,0,0,0,538.63,288a20.89,20.89,0,0,0,11.87-5.31l21.41-23.81A21.64,21.64,0,0,0,576,248.19,21,21,0,0,0,570.69,236.27ZM288,176a64,64,0,1,1-64,64A64,64,0,0,1,288,176ZM400,448H176a16,16,0,0,1-16-16,96,96,0,0,1,96-96h64a96,96,0,0,1,96,96A16,16,0,0,1,400,448Z\"><\/path><\/svg>\t\t\t<\/div>\n\t\t<\/div>\n\t\t\t\t<\/div>\n\t\t\t\t<\/div>\n\t\t\t\t<div class=\"elementor-element elementor-element-febb385 elementor-widget elementor-widget-heading\" data-id=\"febb385\" data-element_type=\"widget\" data-widget_type=\"heading.default\">\n\t\t\t\t<div class=\"elementor-widget-container\">\n\t\t\t<h2 class=\"elementor-heading-title elementor-size-default\">Anuncie o seu alojamento gratuitamente <\/h2>\t\t<\/div>\n\t\t\t\t<\/div>\n\t\t\t\t<div class=\"elementor-element elementor-element-610fe6f elementor-widget elementor-widget-text-editor\" data-id=\"610fe6f\" data-element_type=\"widget\" data-widget_type=\"text-editor.default\">\n\t\t\t\t<div class=\"elementor-widget-container\">\n\t\t\t\t\t\t\t<p>Desde 2020, temos observado um aumento significativo na procura de alojamento ao longo de todo o ano em toda a regi\u00e3o do Algarve, e Albufeira n\u00e3o foge \u00e0 regra.<\/p><p>Com a cria\u00e7\u00e3o da Comunidade de N\u00f3madas Digitais de Albufeira, apresentamos a oportunidade para otimizar ainda mais a rentabilidade do seu alojamento: Registe o seu im\u00f3vel na Flatio, o nosso parceiro oficial de alojamento.<\/p><p>O processo de registo \u00e9 simples e totalmente gratuito. Para obter informa\u00e7\u00f5es mais detalhadas, clique na imagem abaixo (colocar hiperliga\u00e7\u00e3o). Posteriormente, proceda ao registo do seu alojamento na Flatio, onde poder\u00e1 testemunhar um aumento not\u00e1vel no n\u00famero de reservas ao longo do ano. Se surgirem d\u00favidas, n\u00e3o hesite em contactar-nos, estamos aqui para o\/a ajudar.<\/p>\t\t\t\t\t\t<\/div>\n\t\t\t\t<\/div>\n\t\t\t\t\t<\/div>\n\t\t<\/div>\n\t\t\t\t\t<\/div>\n\t\t<\/section>\n\t\t<div class=\"elementor-element elementor-element-e63da03 e-con-full e-flex e-con e-parent\" data-id=\"e63da03\" data-element_type=\"container\">\n\t\t\t\t<div class=\"elementor-element elementor-element-383ab86 elementor-align-center elementor-widget elementor-widget-lottie\" data-id=\"383ab86\" data-element_type=\"widget\" data-settings=\"{&quot;source_json&quot;:{&quot;url&quot;:&quot;https:\\\/\\\/albufeiradigitalnomads.com\\\/ADN\\\/wp-content\\\/uploads\\\/2024\\\/03\\\/Casa.json&quot;,&quot;id&quot;:2238,&quot;size&quot;:&quot;&quot;,&quot;alt&quot;:&quot;&quot;,&quot;source&quot;:&quot;library&quot;},&quot;loop&quot;:&quot;yes&quot;,&quot;motion_fx_motion_fx_scrolling&quot;:&quot;yes&quot;,&quot;motion_fx_translateX_effect&quot;:&quot;yes&quot;,&quot;motion_fx_translateX_direction&quot;:&quot;negative&quot;,&quot;source&quot;:&quot;media_file&quot;,&quot;caption_source&quot;:&quot;none&quot;,&quot;link_to&quot;:&quot;none&quot;,&quot;trigger&quot;:&quot;arriving_to_viewport&quot;,&quot;viewport&quot;:{&quot;unit&quot;:&quot;%&quot;,&quot;size&quot;:&quot;&quot;,&quot;sizes&quot;:{&quot;start&quot;:0,&quot;end&quot;:100}},&quot;play_speed&quot;:{&quot;unit&quot;:&quot;px&quot;,&quot;size&quot;:1,&quot;sizes&quot;:[]},&quot;start_point&quot;:{&quot;unit&quot;:&quot;%&quot;,&quot;size&quot;:0,&quot;sizes&quot;:[]},&quot;end_point&quot;:{&quot;unit&quot;:&quot;%&quot;,&quot;size&quot;:100,&quot;sizes&quot;:[]},&quot;renderer&quot;:&quot;svg&quot;,&quot;motion_fx_translateX_speed&quot;:{&quot;unit&quot;:&quot;px&quot;,&quot;size&quot;:4,&quot;sizes&quot;:[]},&quot;motion_fx_translateX_affectedRange&quot;:{&quot;unit&quot;:&quot;%&quot;,&quot;size&quot;:&quot;&quot;,&quot;sizes&quot;:{&quot;start&quot;:0,&quot;end&quot;:100}},&quot;motion_fx_devices&quot;:[&quot;desktop&quot;,&quot;tablet&quot;,&quot;mobile&quot;]}\" data-widget_type=\"lottie.default\">\n\t\t\t\t<div class=\"elementor-widget-container\">\n\t\t\t<div class=\"e-lottie__container\"><div class=\"e-lottie__animation\"><\/div><\/div>\t\t<\/div>\n\t\t\t\t<\/div>\n\t\t\t\t<\/div>\n\t\t\t\t<section class=\"elementor-section elementor-top-section elementor-element elementor-element-49ceda2 elementor-section-stretched elementor-section-content-middle elementor-section-boxed elementor-section-height-default elementor-section-height-default\" data-id=\"49ceda2\" data-element_type=\"section\" data-settings=\"{&quot;stretch_section&quot;:&quot;section-stretched&quot;,&quot;background_background&quot;:&quot;classic&quot;}\">\n\t\t\t\t\t\t<div class=\"elementor-container elementor-column-gap-extended\">\n\t\t\t\t\t<div class=\"elementor-column elementor-col-100 elementor-top-column elementor-element elementor-element-65d3f3c\" data-id=\"65d3f3c\" data-element_type=\"column\">\n\t\t\t<div class=\"elementor-widget-wrap elementor-element-populated\">\n\t\t\t\t\t\t<div class=\"elementor-element elementor-element-61f794d elementor-view-default elementor-widget elementor-widget-icon\" data-id=\"61f794d\" data-element_type=\"widget\" data-widget_type=\"icon.default\">\n\t\t\t\t<div class=\"elementor-widget-container\">\n\t\t\t\t\t<div class=\"elementor-icon-wrapper\">\n\t\t\t<div class=\"elementor-icon\">\n\t\t\t<svg aria-hidden=\"true\" class=\"e-font-icon-svg e-fas-quote-left\" viewBox=\"0 0 512 512\" xmlns=\"http:\/\/www.w3.org\/2000\/svg\"><path d=\"M464 256h-80v-64c0-35.3 28.7-64 64-64h8c13.3 0 24-10.7 24-24V56c0-13.3-10.7-24-24-24h-8c-88.4 0-160 71.6-160 160v240c0 26.5 21.5 48 48 48h128c26.5 0 48-21.5 48-48V304c0-26.5-21.5-48-48-48zm-288 0H96v-64c0-35.3 28.7-64 64-64h8c13.3 0 24-10.7 24-24V56c0-13.3-10.7-24-24-24h-8C71.6 32 0 103.6 0 192v240c0 26.5 21.5 48 48 48h128c26.5 0 48-21.5 48-48V304c0-26.5-21.5-48-48-48z\"><\/path><\/svg>\t\t\t<\/div>\n\t\t<\/div>\n\t\t\t\t<\/div>\n\t\t\t\t<\/div>\n\t\t\t\t<div class=\"elementor-element elementor-element-c00eb30 elementor-widget__width-initial elementor-widget elementor-widget-testimonial\" data-id=\"c00eb30\" data-element_type=\"widget\" data-widget_type=\"testimonial.default\">\n\t\t\t\t<div class=\"elementor-widget-container\">\n\t\t\t\t\t<div class=\"elementor-testimonial-wrapper\">\n\t\t\t\t\t\t\t<div class=\"elementor-testimonial-content\">Vive Albufeira como um verdadeiro \u201clocal\u201d e descobre uma perspectiva \u00fanica da cidade que vai al\u00e9m do convencional. <\/div>\n\t\t\t\n\t\t\t\t\t<\/div>\n\t\t\t\t<\/div>\n\t\t\t\t<\/div>\n\t\t\t\t\t<\/div>\n\t\t<\/div>\n\t\t\t\t\t<\/div>\n\t\t<\/section>\n\t\t\t\t<section class=\"elementor-section elementor-top-section elementor-element elementor-element-78cfe2a elementor-section-stretched elementor-section-boxed elementor-section-height-default elementor-section-height-default\" data-id=\"78cfe2a\" data-element_type=\"section\" data-settings=\"{&quot;stretch_section&quot;:&quot;section-stretched&quot;,&quot;background_background&quot;:&quot;slideshow&quot;,&quot;background_slideshow_gallery&quot;:[{&quot;id&quot;:2312,&quot;url&quot;:&quot;https:\\\/\\\/albufeiradigitalnomads.com\\\/ADN\\\/wp-content\\\/uploads\\\/2024\\\/06\\\/IMG_0958-scaled.jpg&quot;},{&quot;id&quot;:2314,&quot;url&quot;:&quot;https:\\\/\\\/albufeiradigitalnomads.com\\\/ADN\\\/wp-content\\\/uploads\\\/2024\\\/06\\\/IMG_2712-scaled.jpg&quot;},{&quot;id&quot;:2313,&quot;url&quot;:&quot;https:\\\/\\\/albufeiradigitalnomads.com\\\/ADN\\\/wp-content\\\/uploads\\\/2024\\\/06\\\/IMG_2590-scaled.jpg&quot;},{&quot;id&quot;:2307,&quot;url&quot;:&quot;https:\\\/\\\/albufeiradigitalnomads.com\\\/ADN\\\/wp-content\\\/uploads\\\/2024\\\/06\\\/IMG_0225-scaled.jpg&quot;},{&quot;id&quot;:2306,&quot;url&quot;:&quot;https:\\\/\\\/albufeiradigitalnomads.com\\\/ADN\\\/wp-content\\\/uploads\\\/2024\\\/06\\\/EDR_0866-scaled.jpg&quot;},{&quot;id&quot;:1853,&quot;url&quot;:&quot;https:\\\/\\\/albufeiradigitalnomads.com\\\/ADN\\\/wp-content\\\/uploads\\\/2024\\\/03\\\/Screenshot-10-1.png&quot;},{&quot;id&quot;:1796,&quot;url&quot;:&quot;https:\\\/\\\/albufeiradigitalnomads.com\\\/ADN\\\/wp-content\\\/uploads\\\/2024\\\/03\\\/Screenshot-23.png&quot;},{&quot;id&quot;:1791,&quot;url&quot;:&quot;https:\\\/\\\/albufeiradigitalnomads.com\\\/ADN\\\/wp-content\\\/uploads\\\/2024\\\/03\\\/Screenshot-18.png&quot;},{&quot;id&quot;:2120,&quot;url&quot;:&quot;https:\\\/\\\/albufeiradigitalnomads.com\\\/ADN\\\/wp-content\\\/uploads\\\/2024\\\/03\\\/IMG_0075-scaled-e1711547194913.jpg&quot;}],&quot;background_slideshow_loop&quot;:&quot;yes&quot;,&quot;background_slideshow_slide_duration&quot;:5000,&quot;background_slideshow_slide_transition&quot;:&quot;fade&quot;,&quot;background_slideshow_transition_duration&quot;:500}\">\n\t\t\t\t\t\t<div class=\"elementor-container elementor-column-gap-extended\">\n\t\t\t\t\t<div class=\"elementor-column elementor-col-100 elementor-top-column elementor-element elementor-element-65c1600\" data-id=\"65c1600\" data-element_type=\"column\">\n\t\t\t<div class=\"elementor-widget-wrap elementor-element-populated\">\n\t\t\t\t\t\t<section class=\"elementor-section elementor-inner-section elementor-element elementor-element-707e04d elementor-section-boxed elementor-section-height-default elementor-section-height-default\" data-id=\"707e04d\" data-element_type=\"section\">\n\t\t\t\t\t\t<div class=\"elementor-container elementor-column-gap-no\">\n\t\t\t\t\t<div class=\"elementor-column elementor-col-100 elementor-inner-column elementor-element elementor-element-c1284fa\" data-id=\"c1284fa\" data-element_type=\"column\">\n\t\t\t<div class=\"elementor-widget-wrap elementor-element-populated\">\n\t\t\t\t\t\t<div class=\"elementor-element elementor-element-001fc96 elementor-widget elementor-widget-spacer\" data-id=\"001fc96\" data-element_type=\"widget\" data-widget_type=\"spacer.default\">\n\t\t\t\t<div class=\"elementor-widget-container\">\n\t\t\t\t\t<div class=\"elementor-spacer\">\n\t\t\t<div class=\"elementor-spacer-inner\"><\/div>\n\t\t<\/div>\n\t\t\t\t<\/div>\n\t\t\t\t<\/div>\n\t\t\t\t<div class=\"elementor-element elementor-element-ef3b305 elementor-widget elementor-widget-spacer\" data-id=\"ef3b305\" data-element_type=\"widget\" data-widget_type=\"spacer.default\">\n\t\t\t\t<div class=\"elementor-widget-container\">\n\t\t\t\t\t<div class=\"elementor-spacer\">\n\t\t\t<div class=\"elementor-spacer-inner\"><\/div>\n\t\t<\/div>\n\t\t\t\t<\/div>\n\t\t\t\t<\/div>\n\t\t\t\t\t<\/div>\n\t\t<\/div>\n\t\t\t\t\t<\/div>\n\t\t<\/section>\n\t\t\t\t<div class=\"elementor-element elementor-element-0230c1d elementor-widget elementor-widget-spacer\" data-id=\"0230c1d\" data-element_type=\"widget\" data-widget_type=\"spacer.default\">\n\t\t\t\t<div class=\"elementor-widget-container\">\n\t\t\t\t\t<div class=\"elementor-spacer\">\n\t\t\t<div class=\"elementor-spacer-inner\"><\/div>\n\t\t<\/div>\n\t\t\t\t<\/div>\n\t\t\t\t<\/div>\n\t\t\t\t<div class=\"elementor-element elementor-element-be7bc6a elementor-widget elementor-widget-spacer\" data-id=\"be7bc6a\" data-element_type=\"widget\" data-widget_type=\"spacer.default\">\n\t\t\t\t<div class=\"elementor-widget-container\">\n\t\t\t\t\t<div class=\"elementor-spacer\">\n\t\t\t<div class=\"elementor-spacer-inner\"><\/div>\n\t\t<\/div>\n\t\t\t\t<\/div>\n\t\t\t\t<\/div>\n\t\t\t\t<div class=\"elementor-element elementor-element-c64832f elementor-hidden-tablet elementor-hidden-phone elementor-widget elementor-widget-spacer\" data-id=\"c64832f\" data-element_type=\"widget\" data-widget_type=\"spacer.default\">\n\t\t\t\t<div class=\"elementor-widget-container\">\n\t\t\t\t\t<div class=\"elementor-spacer\">\n\t\t\t<div class=\"elementor-spacer-inner\"><\/div>\n\t\t<\/div>\n\t\t\t\t<\/div>\n\t\t\t\t<\/div>\n\t\t\t\t\t<\/div>\n\t\t<\/div>\n\t\t\t\t\t<\/div>\n\t\t<\/section>\n\t\t\t\t<\/div>\n\t\t","protected":false},"excerpt":{"rendered":"<p>Est\u00e1s \u00e0 procura de alojamento em Albufeira? Na Flatio, o nosso parceiro oficial de alojamento, oferecemos uma variedade de op\u00e7\u00f5es, desde Guesthouses a apartamentos, e at\u00e9 estadias em hot\u00e9is ou aparthot\u00e9is. Aproveita os filtros dispon\u00edveis para personalizar a tua pesquisa, ajustando-a \u00e0s datas da tua estadia e as \u00e0s tuas prefer\u00eancias, assegurando assim a reserva &hellip; <br \/><a href=\"https:\/\/albufeiradigitalnomads.com\/ADN\/04-alojamento\/\" class=\"more-link\">Continue reading <span class=\"screen-reader-text\">Alojamento<\/span><\/a><\/p>\n","protected":false},"author":1,"featured_media":1787,"parent":0,"menu_order":0,"comment_status":"closed","ping_status":"closed","template":"","meta":{"footnotes":""},"class_list":["post-2124","page","type-page","status-publish","has-post-thumbnail","hentry"],"_links":{"self":[{"href":"https:\/\/albufeiradigitalnomads.com\/ADN\/wp-json\/wp\/v2\/pages\/2124","targetHints":{"allow":["GET"]}}],"collection":[{"href":"https:\/\/albufeiradigitalnomads.com\/ADN\/wp-json\/wp\/v2\/pages"}],"about":[{"href":"https:\/\/albufeiradigitalnomads.com\/ADN\/wp-json\/wp\/v2\/types\/page"}],"author":[{"embeddable":true,"href":"https:\/\/albufeiradigitalnomads.com\/ADN\/wp-json\/wp\/v2\/users\/1"}],"replies":[{"embeddable":true,"href":"https:\/\/albufeiradigitalnomads.com\/ADN\/wp-json\/wp\/v2\/comments?post=2124"}],"version-history":[{"count":4,"href":"https:\/\/albufeiradigitalnomads.com\/ADN\/wp-json\/wp\/v2\/pages\/2124\/revisions"}],"predecessor-version":[{"id":3057,"href":"https:\/\/albufeiradigitalnomads.com\/ADN\/wp-json\/wp\/v2\/pages\/2124\/revisions\/3057"}],"wp:featuredmedia":[{"embeddable":true,"href":"https:\/\/albufeiradigitalnomads.com\/ADN\/wp-json\/wp\/v2\/media\/1787"}],"wp:attachment":[{"href":"https:\/\/albufeiradigitalnomads.com\/ADN\/wp-json\/wp\/v2\/media?parent=2124"}],"curies":[{"name":"wp","href":"https:\/\/api.w.org\/{rel}","templated":true}]}}